is the greatest common factor of l and s?
12
Let o(y) = y**2 + 10*y + 17. Let w be o(15). Let u be w/22 - (-6)/33. Let v = -8 - -17. Calculate the greatest common factor of v and u.
9
Let d be 6 + (-12)/(8/2). Suppose -3*n + 20 = -5*t, 0*n + 8 = n - d*t. Calculate the greatest common factor of 20 and n.
5
Let v(x) = -7*x**2 + x. Let w be v(1). Let m(z) = z + 8. Let p be m(w). Let i be -1 + (2 - -4 - 4). What is the highest common factor of i and p?
1
Let m be 3 - 1 - 2*-1. Suppose 0 = -9*o + m*o + 245. Suppose -5*g - 22 = -c, 0 = 3*c - 4*g + 3*g - 24. What is the highest common factor of o and c?
7
Let d = 23 + 32. What is the highest common divisor of 5 and d?
5
Suppose 3*o + 5*n = 4*o - 100, -o - 5*n = -80. Suppose 5*f - 20 = -3*l, 3*l - 3*f + 2*f = 32. Calculate the highest common divisor of l and o.
10
Suppose 0 = 4*p - l - 182 - 75, 5*l + 245 = 4*p. Let h = p - -10. Let r = -13 + 28. What is the greatest common divisor of r and h?
15
Let f = 146 + -95. Suppose 4*m = z + f, 3*z = -4*m - 2*z + 33. What is the greatest common divisor of 132 and m?
12
Let s = 544 - 388. Let z = s + -54. Suppose 4*k + z = 850. What is the greatest common factor of k and 17?
17
Let v = 16 - 3. Let p be 2 - (1 + 1 + -5). Let i = 8 + p. What is the greatest common divisor of v and i?
13
Let q = 94 - 56. What is the greatest common divisor of 57 and q?
19
Suppose -2*s = -2*u - 0*u + 12, 3*s = -4*u + 10. Let l(a) = -a. Let g be l(s). Let p be (-5 + (-56)/(-12))*-30. Calculate the highest common divisor of g and p.
2
Let z(i) = i**3 + 5*i**2 + i - 3. Let x be z(-3). Let p = -6 + 10. Suppose -g = 0, 3*g + 132 + 60 = p*b. Calculate the greatest common factor of x and b.
12
Suppose 0 = -2*z + 2*i + 22, 13 = 4*z + 5*i - 4. What is the greatest common factor of 24 and z?
8
Let k be -1 - (-1 - 34 - 1). Suppose -8 = 4*w + v + 3, -4*w - 4*v = 20. Let j be (2 - 56/(-4)) + w. What is the highest common factor of k and j?
7
Suppose 2*q = 8 - 2. Suppose 0 = -q*k + k + 2. Let m be 1/(k + 0) - -3. Calculate the highest common divisor of m and 10.
2
Let c = -4 + 8. Suppose 0 = 4*f + 2*a - 10, c*f - a - 9 = -2*a. Suppose 5 = -3*s - f*z, 3*s - z = -0*z + 7. What is the greatest common divisor of s and 11?
1
Let m = -33 + 69. Calculate the greatest common factor of m and 4.
4
Let g = 14 - 3. What is the highest common divisor of g and 44?
11
Let r be ((-11)/(-2) - 4)/((-6)/(-80)). Calculate the greatest common factor of r and 220.
20
Suppose -5*b + 861 = -6*m + 4*m, 0 = 2*b - m - 345. Calculate the highest common divisor of b and 19.
19
Let b = 7 + -2. Suppose 3*h = -9, b*c - 74 = -2*h - 30. Suppose -10 = d - 2*d. What is the greatest common divisor of d and c?
10
Let m(b) = -2*b**3 - 6*b**2 - 7*b + 2. Let i be m(-3). Calculate the highest common divisor of i and 69.
23
Let f = 102 - 76. Calculate the greatest common divisor of f and 39.
13
Let k be (-41)/(-1) + (2 - 0) + -3. What is the greatest common divisor of 50 and k?
10
Let k = 37 - 23. Let b(y) = -y**3 - 7*y**2 - 8*y - 14. Let p be 8/12*84/(-8). Let l be b(p). Calculate the highest common factor of k and l.
14
Let n be (-1 - -13)/(2/8). Let d = n - -51. What is the highest common divisor of d and 11?
11
Let l(n) = 2*n**2 - 3*n + 1. Let r be l(2). Let p = 1 - r. Let x be (-13)/p*(4 + -2). Calculate the highest common factor of x and 13.
13
Suppose 2*a + 3*h - 77 = 70, 2*h = -2*a + 142. Suppose 0*b + b - 5*k = a, 0 = 2*b - k - 150. What is the greatest common divisor of 19 and b?
19
Suppose 4*r - 594 = -2*r. Calculate the greatest common factor of r and 66.
33
Let s be (2/6)/((-1)/(-15)). Suppose -6*z + 766 = -z - 4*f, s*f + 303 = 2*z. Let r = 24 - 10. What is the highest common divisor of r and z?
14
Let k = -10 - -49. Suppose h - 5 = 0, -4*i + h + k = -0*h. Suppose -5*g = -5*w + 455, -349 = -4*w - g - 0*g. What is the highest common divisor of w and i?
11
Let k = -8 - -6. Let q be 0*(k + 2 + 1). Suppose 2*r + r - 21 = q. Calculate the highest common factor of r and 77.
7
Let q = -15 + 30. Let s be (-12)/(-1)*2*5. Calculate the greatest common factor of q and s.
15
Suppose 0 = 5*m - 3*r - 21, -5*m = -4*m - r - 3. Suppose 10 = -4*b + 34. Calculate the highest common divisor of b and m.
6
Let b(r) = r**3 + 26*r**2 + 21*r - 36. Let o be b(-25). What is the greatest common divisor of 96 and o?
32
Let r = -54 - -65. Let v(p) be the third derivative of -p**4/3 + p**3/6 + p**2. Let d be v(-4). What is the highest common factor of r and d?
11
Let j(m) = 4*m - 28. Let i be j(12). Let d = 29 + -109. Let c be (1 - 4)/(12/d). What is the highest common factor of i and c?
20
Suppose 2*n - 5*q + 40 = 5*n, -5*n + 2*q = -15. Suppose 0 = -n*d - 5*p + 85, 0 = 4*d - 0*p - p - 48. What is the highest common divisor of d and 52?
13
Let m(i) = -i**2 + 7*i. Let t be m(6). Let p = -10 + 16. Calculate the greatest common factor of p and t.
6
Let s be 5/(1 - -10*2/(-24)). Calculate the greatest common factor of 50 and s.
10
Suppose 2 = -4*n + 14. Calculate the greatest common divisor of 1 and n.
1
Let r be -3*3/(-18)*206. Let y = r - 31. What is the highest common factor of y and 9?
9
Let l be 20/(-4)*(-24)/10. Suppose 4 + l = o. Let h = 10 - -6. What is the greatest common divisor of o and h?
16
Let i = 3 - 0. Let r = i - 1. Suppose r*l - 58 = -5*m + 12, 4*l - 20 = 0. What is the greatest common factor of m and 8?
4
Let b(w) = 15*w**2 - 4*w - 3. Let c(x) = -x**3 + 5*x**2 + 7*x - 8. Let v be c(6). Let t be b(v). Calculate the highest common divisor of t and 26.
13
Let q(i) = -2*i - 59*i**3 - 2*i**2 - 1 + 9*i**3 - 7*i**3. Let l be q(-1). Calculate the greatest common factor of l and 8.
8
Suppose -6*q = -2*q - 32. What is the greatest common divisor of 72 and q?
8
Suppose 2*a = -0*m - m + 25, -3*a - 2*m = -39. Let p be (40/(-6))/(11/((-726)/4)). Calculate the greatest common divisor of p and a.
11
Suppose 0 = f - 2*z + 4, -14 + 6 = f - 3*z. Suppose 3*v + 18 = f*s + 5*v, 3*s - 2*v = 24. Calculate the highest common divisor of 1 and s.
1
Let i be (-808)/(-20) + 2/(-5). Suppose q + 3 = 21. Suppose -5*o + 21 = d, -q = -5*o + 4*d + 23. Calculate the greatest common factor of o and i.
5
Suppose -d = -0*d - 60. Let f = -24 + d. Suppose 3*y = -2*s + 5 + 46, 5*y - 77 = -3*s. Calculate the greatest common divisor of f and s.
12
Let x(m) be the third derivative of m**5/60 - m**4/6 - m**2. Let z be x(5). Suppose z*l - 360 = -0*l. Calculate the highest common divisor of l and 9.
9
Suppose -n - 48 = -3*n. Suppose 5*m - 1520 = -3*y, 3*y + 888 = -m + 4*m. Let c be (-1)/5 - m/(-5). Calculate the highest common divisor of n and c.
12
Let o be -10*((-9)/(-63) + (-537)/35). What is the greatest common divisor of 38 and o?
38
Suppose -r + 31 = 2*t, -2*r - 34 = -0*t - 2*t. What is the highest common factor of t and 40?
8
Suppose 0*u - 5*p = -2*u - 24, -2*u - 22 = -4*p. Let h be (-212)/u + 6/(-21). What is the greatest common factor of 15 and h?
15
Let l be (1 + -1 + (-7)/(-21))*3. Calculate the greatest common factor of 1 and l.
1
Suppose 3*k + r - 14 = 0, 2 = 4*k - 2*r - 10. Let i be 1/((-2)/k*-1). Calculate the greatest common factor of i and 16.
2
Let y = -11 - -6. Let w be (-2 - y) + -6 + 17. Calculate the highest common factor of w and 2.
2
Let t be (-2)/(-10) - (-245)/25. What is the greatest common divisor of 30 and t?
10
Suppose -3*v + 76 = -2*y, -2*v = 2*v - 5*y - 106. Calculate the highest common divisor of 216 and v.
24
Suppose -5*l + 0*a = -a + 163, -4*l - 130 = -a. Let n be (-2108)/(-22) - 6/l. Calculate the greatest common divisor of n and 12.
12
Suppose 4*i - 4*o = 3*i, 3*o + 13 = 4*i. Let y be 61/6 + i/(-24). Calculate the highest common factor of y and 5.
5
Let b(p) = -2*p - 4. Let f be b(-4). Suppose f = 2*s - 52. Calculate the highest common factor of s and 42.
14
Suppose 7*l - 2*l + 780 = 5*z, -771 = -5*z - 4*l. Calculate the greatest common divisor of 31 and z.
31
Let q = 52 - 24. What is the greatest common factor of q and 4?
4
Let t(k) = k**2 + 3*k + 2. Let l be t(-5). Suppose -2*s + 3*i + l = -21, 4*s + 2*i = 58. Calculate the highest common factor of s and 75.
15
Suppose 7*r = 4*r + 567. What is the greatest common factor of 27 and r?
27
Suppose 3*v - 269 = 391. What is the greatest common divisor of v and 20?
20
Suppose 4*c + 3 - 115 = 0. Calcul